n base 6, what is -54431 + 501?
-53530
In base 12, what is 3 - -a22b403?
a22b406
In base 4, what is -1230021 - -11030231?
3200210
In base 10, what is 48945 - -3?
48948
In base 12, what is -107474676 + -1?
-107474677
In base 11, what is -2 + -3490526?
-3490528
In base 5, what is 12023 + -233014?
-220441
In base 7, what is 3255022 - 145?
3254544
In base 11, what is 1342 - 7166?
-5924
In base 11, what is -20021 - 386?
-203a7
In base 6, what is 1024321225 + 125?
1024321354
In base 8, what is 0 + 2745315?
2745315
In base 8, what is 525 + 4236033?
4236560
In base 12, what is 494ba - 1262?
48258
In base 4, what is 121 - 2221321113?
-2221320332
In base 10, what is 79553 + -197?
79356
In base 5, what is -3 + -1302131330?
-1302131333
In base 9, what is 225 + -1477265?
-1477040
In base 8, what is -1412353 - 20?
-1412373
In base 5, what is -2000 + 11220?
4220
In base 8, what is -4452 - 155643?
-162315
In base 10, what is -1 + -7180109?
-7180110
In base 5, what is -24420130 + 14?
-24420111
In base 15, what is 16c - 10b85?
-10a18
In base 2, what is -1011101010100100001 - -10011110001?
-1011101000000110000
In base 6, what is -432 + -102512?
-103344
In base 6, what is -402145 + 13505?
-344240
In base 2, what is -11011101000001 - -10000110110101?
-1010110001100
In base 3, what is -222 + -1212221010?
-1212222002
In base 14, what is 81a8 - -20a?
83b4
In base 3, what is 122021201010 + 1000?
122021202010
In base 14, what is -4d6 - 7377?
-786d
In base 13, what is -c24b4 - -1ac?
-c2305
In base 4, what is -200 - 232230212?
-232231012
In base 16, what is -31 + c8088?
c8057
In base 15, what is -726 + 1b97?
1471
In base 15, what is 82 + -735aa?
-73528
In base 6, what is 131302 - -132250?
303552
In base 2, what is 11011110001101011100111001 - 1?
11011110001101011100111000
In base 5, what is 3114012 - -30231?
3144243
In base 6, what is 24430254324 + 4?
24430254332
In base 6, what is -5201 - 223330?
-232531
In base 12, what is 4135 + -491?
3864
In base 12, what is -19619 + -4083?
-216a0
In base 11, what is 718541a - -4?
7185423
In base 12, what is 20487b4 - 0?
20487b4
In base 10, what is 4 - -9709944?
9709948
In base 5, what is 121 + -11114214?
-11114043
In base 5, what is 40242131 + -10301?
40231330
In base 16, what is -b5 - -ac7?
a12
In base 8, what is 11574151 + -123?
11574026
In base 3, what is 1200020001122101 - 121?
1200020001121210
In base 5, what is -2222420033 + -1?
-2222420034
In base 6, what is -13 - -10124455?
10124442
In base 11, what is -3723 - -24a?
-3484
In base 4, what is -3002123013 + 202?
-3002122211
In base 4, what is 3130 + 2130110221?
2130120011
In base 13, what is 7b3acab - 0?
7b3acab
In base 7, what is 3 + -62326325?
-62326322
In base 6, what is -201 + 51443550?
51443345
In base 4, what is -1132332131333 - 1?
-1132332132000
In base 8, what is -3562663663 - -5?
-3562663656
In base 3, what is -1202002010201 + -12?
-1202002010220
In base 2, what is -100 - 101010100101100101010011010?
-101010100101100101010011110
In base 2, what is 100010110 - -10101001001001011000?
10101001001101101110
In base 4, what is -102 - 102320032312?
-102320033020
In base 11, what is 5 + -1441102?
-14410a8
In base 15, what is 1 + -968c3e?
-968c3d
In base 14, what is b0 - -3dcb?
409b
In base 11, what is 208 + 47636?
47843
In base 10, what is -117 - 99269?
-99386
In base 15, what is 5 + -2641b5c?
-2641b57
In base 6, what is 450000 + 40435?
530435
In base 8, what is -323476 + -306?
-324004
In base 7, what is -1023644565 - -4?
-1023644561
In base 4, what is -313130 + -231303?
-1211033
In base 11, what is 6 + 78470?
78476
In base 14, what is -8c287a1 + -6?
-8c287a7
In base 16, what is -2d9 + 773a?
7461
In base 10, what is -1861893 - 56?
-1861949
In base 2, what is 1001010011 - 110110010?
10100001
In base 13, what is 4 + -28c0260?
-28c0259
In base 6, what is -540504 - -5333?
-531131
In base 5, what is 3 + -141201034021?
-141201034013
In base 14, what is -58 - 188b87?
-188c01
In base 10, what is 309081838 - -5?
309081843
In base 13, what is 25 - -23a713?
23a738
In base 2, what is 111000000101111 - 101110000111?
110010010101000
In base 14, what is -251b + 2a550?
28033
In base 5, what is 24310101 - 1302?
24303244
In base 10, what is -1508437 - 5?
-1508442
In base 6, what is 1 + -22220210112?
-22220210111
In base 13, what is 2 + 14c814?
14c816
In base 9, what is -107 + 3415162?
3415054
In base 6, what is 25514 + -44214?
-14300
In base 16, what is -4 - -1b7d0b3?
1b7d0af
In base 11, what is -4a22 + -3445?
-8367
In base 11, what is -2962 - -1022?
-1940
In base 16, what is 2 - 873cbe?
-873cbc
In base 8, what is -4630664 + 117?
-4630545
In base 5, what is -31344300311 - -10?
-31344300301
In base 3, what is -101022 - 20220110?
-21021202
In base 14, what is -8 + 3acd8b?
3acd83
In base 15, what is 36b - -4769?
4ad5
In base 11, what is 9243a680 - -7?
9243a687
In base 11, what is -19 - -35a1294?
35a1276
In base 7, what is -53114 + 16452?
-33332
In base 16, what is 7ff75 + 3a?
7ffaf
In base 10, what is -318 - -1594104?
1593786
In base 4, what is 11 + 12210330332220?
12210330332231
In base 2, what is 11111100000110100011 + -10000100?
11111100000100011111
In base 11, what is -10 + -95a574a?
-95a575a
In base 3, what is -122111210 - -100202221?
-21201212
In base 7, what is 4201255 + -54?
4201201
In base 8, what is 20515664 + -26?
20515636
In base 14, what is -170d7c1 + 6?
-170d7b9
In base 15, what is -9774d5 + -6?
-9774db
In base 8, what is -7 + -46243?
-46252
In base 10, what is 26403 + 2115?
28518
In base 2, what is -100100000011001011 - -100?
-100100000011000111
In base 10, what is -7593481 - 3?
-7593484
In base 2, what is -11110100111110011 + 11000111?
-11110100100101100
In base 6, what is -4 + 10241052155?
10241052151
In base 3, what is 10 - -20111122011102?
20111122011112
In base 10, what is -821 - -535805?
534984
In base 16, what is -2badb844 + -3?
-2badb847
In base 2, what is 10000000011000011 + -10100100?
10000000000011111
In base 16, what is 73b18 + 10?
73b28
In base 9, what is -77238352 - 5?
-77238357
In base 16, what is -3 + -2a37061?
-2a37064
In base 16, what is -3595f8 + -4?
-3595fc
In base 2, what is -100 - 10011001111100001001111011?
-10011001111100001001111111
In base 4, what is -3201230101222 + -11?
-3201230101233
In base 14, what is -8 - 58a0ada?
-58a0b04
In base 11, what is -27a9330 - -3?
-27a9328
In base 12, what is -2 + -341500?
-341502
In base 2, what is -1010000 - 101010001001001111?
-101010001010011111
In base 10, what is -185 - -18528?
18343
In base 9, what is -1482033 - 4?
-1482037
In base 13, what is 3510b + 196?
352a4
In base 5, what is -341 + 1214300412?
1214300021
In base 2, what is -100001111100111 - -1101101100?
-100000001111011
In base 4, what is 10011323 - 1031?
10010232
In base 6, what is 242200535 + -41?
242200454
In base 5, what is 331 + -12141232?
-12140401
In base 7, what is 5452 - -1042651?
1051433
In base 6, what is -105410411342 + 4?
-105410411334
In base 10, what is -3 - -8742250?
8742247
In base 3, what is 1 + 12102220120200?
12102220120201
In base 12, what is -2 - -3579161?
357915b
In base 8, what is 1447 - -43527?
45176
In base 16, what is -123 - ce92?
-cfb5
In base 9, what is -31010444 - -1?
-31010443
In base 4, what is -10 - 1132333330332?
-1132333331002
In base 14, what is 977 + 8393?
8d2a
In base 2, what is -1000110011111010101001 - 1?
-1000110011111010101010
In base 2, what is 1 - 1010110011000111011101100101?
-1010110011000111011101100100
In base 2, what is 1110000 - 1010110001001011?
-1010101111011011
In base 12, what is -1969 - -a50a?
8761
In base 2, what is -1000 - -101001110010000000111?
101001110001111111111
In base 2, what is -1100 - 101001111101111?
-101001111111011
In base 5, what is 1024344 + 1001?
1030400
In base 16, what is -33ff - 5fc?
-39fb
In base 14, what is 147908 - 16?
1478d2
In base 12, what is -a3471 - 702?
-a3b73
In base 9, what is -7042 - -7673?
631
In base 9, what is -58 - -2725744?
2725675
In base 6, what is -112531 - -33200?
-35331
In base 11, what is -5 + -25986413?
-25986418
In base 14, what is -1dc47b + -89?
-1dc526
In base 8, what is 3 - -7635627?
7635632
In base 7, what is -24105514 - -6?
-24105505
In base 10, what is 134 - -2755758?
2755892
In base 11, what is 12 + -987408?
-9873a6
In base 12, what is 2 + -1128b27?
